a)?
-6
Let j(l) = -l**3 + 2*l**2 + 2*l. Let z(i) = 5*i**3 + 42*i**2 - 29*i - 21. Let p be z(-9). Determine j(p).
39
Let h(n) be the third derivative of -n**7/2520 + 11*n**6/720 - n**5/20 - 49*n**4/24 - n**2 - 77. Let s(d) be the second derivative of h(d). Give s(11).
-6
Let r(j) = 18*j**3 + j**2 - 1. Let q(f) = -19*f**3 + 6*f**2 - f + 7. Let u(l) = q(l) + r(l). Let b be ((-7)/3)/((-1)/3). Give u(b).
-1
Let g be ((-3)/6)/(2/(-8)). Let x(a) = -5*a + 3*a**2 - 4*a**3 + g*a**3 - 4 - a + 3*a**3. Suppose 47*s + 13*s + 240 = 0. Determine x(s).
4
Let y(i) = i**2 - 3*i + 5. Let d(u) = -9*u**2 + 55*u - 1. Let r be d(6). Calculate y(r).
15
Let s(r) = 2*r - 775 - 672 + 2*r + 1320. Calculate s(30).
-7
Let y(w) = w**2 - 3*w - 2. Suppose 9*o - 64 - 188 = 0. Let z be (((-14)/49)/1)/((-2)/o). Calculate y(z).
2
Suppose 171*i = 160*i - 132. Let d be 2/i + (-182)/(-156) - 4. Let s(t) = 2*t + 5. Calculate s(d).
-1
Let h be 10 + -5 - (1 - -2). Let u(q) = -q**3 - 3*q + 6*q - 2*q**2 + 3*q**2 + q**2 + h. Suppose -11*y + 15 = -18. Give u(y).
2
Let d(g) = -3*g + 1. Suppose -5*t = -t + w + 21, -5*t - 4*w = 40. Let r be ((-2)/t)/((-104)/(-32) + -3). Calculate d(r).
-5
Let q(g) = g**3 + 8*g**2 + 2*g - 33. Let l be q(-7). Let y(p) = 5*p + l*p - 8*p + 0*p - 8. Suppose 3*z - z = -12. Give y(z).
-2
Suppose 3*o + 3 + 0 = 3*t, -4*o = -4. Let p be (10/(-18))/((-27)/243). Let f(q) = -25*q**2 - q + 6*q**t + p*q**2 + 12*q**2. Determine f(1).
-3
Let g(c) be the third derivative of -13/6*c**3 + 1/360*c**6 + 5*c**2 + 0*c - 1/6*c**4 + 0 - 1/40*c**5. Let q(d) be the first derivative of g(d). Calculate q(3).
-4
Let x = -3180 + 3175. Let s(v) = -3*v**2 - 8*v - 11. Give s(x).
-46
Let n(y) be the first derivative of y**3/3 + 3*y**2/2 - 9*y - 577. Give n(4).
19
Let g(h) = 5*h**2 + 25*h + 2. Suppose -6*v + 51 = 81. Let f be g(v). Let s(d) = d + 1 - 1. Give s(f).
2
Suppose b - 15*d = -12*d, -d = 2*b + 7. Let t(p) = p**3 - 3*p**2 - 3*p + 4. Calculate t(b).
-41
Let k(q) = 9*q**2 - q - 9. Let d = -83 - -80. Let a(c) = -4*c**2 + 5. Let t(j) = -j**2 - 7*j - 7. Let y be t(-7). Let l(n) = d*k(n) + y*a(n). Give l(-6).
10
Suppose -35*c = -20*c - 165. Suppose c*q = 31 - 42. Let m(i) = 8*i. Give m(q).
-8
Let i(f) = 2*f**3 + 7*f**2 - 6*f - 18. Let b(x) = -5*x**3 - 15*x**2 + 16*x + 37. Let h(j) = -3*b(j) - 7*i(j). Let z be h(2). Let r(g) = -4*g. Calculate r(z).
20
Let k(u) be the second derivative of -37*u**3/2 - 2*u**2 - 3*u - 1005. What is k(1)?
-115
Let t(z) be the third derivative of -z**4/12 - 4*z**3/3 - 2*z**2. Let m be (1 + 3)/((-11)/(-132)). Let b = 40 - m. Give t(b).
8
Let u(j) = -j**3 - 7*j**2 + 6*j - 2. Let o(c) = c**3 - 5*c**2 + 10*c - 20. Let n be -3*(-14)/(-231) + 35/11. Let f be o(n). What is u(f)?
14
Let t(x) = -4*x + 2. Suppose -310*m - 119 = -630 - 419. What is t(m)?
-10
Let v(p) = -16*p - 214. Suppose 4*m = -12, 4*u + 249*m = 245*m - 68. Give v(u).
10
Suppose 4*t - 2*y - 16 = 8, -5*t + 5*y + 40 = 0. Let c(v) be the first derivative of v**2/2 + 5*v - 3882. Calculate c(t).
9
Let w(s) be the first derivative of -5/2*s**2 + 44 + s. Calculate w(-1).
6
Let a(n) be the first derivative of -2*n**3/3 + n**2/2 + 2*n + 57719. Suppose 5*o - 23 = 3*z, 0 = o - 0*z + 3*z - 1. Let r be o/(-2) + (1 - 1). Calculate a(r).
-8
Let r(q) = 10*q**3 - q**2 - q + 1. Let m(a) = 11*a**3 - 4*a**2 + 2*a - 4. Let o(i) = m(i) - r(i). What is o(2)?
-3
Suppose 0 = c - 97*c + 480. Let t(j) = 8*j - 1. What is t(c)?
39
Let q = -16 + 17. Suppose -9 = -5*o + 3*h + 42, o + 5*h + q = 0. Suppose -4*d + 35 = -o*d. Let b(x) = x**2 + 7*x - 8. Calculate b(d).
-8
Let m(x) = -x + 6. Let s = 30 - 21. Let z(o) = 9*o - 76. Let t be z(s). Suppose 0 = 4*q - t*q. Determine m(q).
6
Let x(b) = -15*b**2 + 7*b**2 + 121 - 127 - 4*b + 7*b**2. Determine x(-5).
-11
Let p(y) = -1 + 14*y**2 - 339*y**3 - y - 33*y**2 + 337*y**3 + 20*y**2. Let n(j) = -4*j - 17. Let g be n(-5). What is p(g)?
-49
Let u(o) = o**3 + 3*o**2 + 3*o + 4. Suppose 12*a + 352 = a. Let k = a - -124. Let x = -95 + k. Calculate u(x).
-5
Let s(n) = 294*n**2 + 24*n + 50. Let g(x) = -168*x**2 - 14*x - 29. Let q(r) = -19*g(r) - 11*s(r). Determine q(-1).
-43
Let d(y) = -4*y - 6. Let s(l) = -3*l - 4. Let z(g) = 5*d(g) - 7*s(g). Suppose -23 = 3*c + 22 - 57. Give z(c).
2
Let g(k) be the first derivative of k**2 - 30*k + 1413. What is g(18)?
6
Let r(o) be the third derivative of 0 - 1/24*o**4 + 7*o**2 - 5/6*o**3 + 2*o. Give r(-5).
0
Let h(o) = -2*o + 6. Suppose 32 - 14 = 6*f. Let y be -1*(-4 + 27/f). Determine h(y).
16
Let d(k) = k**2 - 7*k - 31. Let v = -13757 - -13765. Give d(v).
-23
Let c be -4 + -2 + 17 - 6. Suppose 5*k - 20 = c*m, 2*m + k + 0 = -23. Let x(t) = -2*t - 17. Determine x(m).
1
Let i be 12/10*9080/(-1362) + (0 - -4). Let h(x) = x**3 + 5*x**2 - 15*x - 83. Calculate h(i).
-7
Let m(z) = 8*z**2 + 23 - 14*z - 6*z + 29*z + 0*z**3 + z**3 - 19. Suppose -2*t - 3*v = -3 + 18, -20 = 4*v. Suppose 3*o + 21 = -t*o. What is m(o)?
-10
Let j(g) = 8*g**2 + 3*g - 1. Let r(u) be the first derivative of -10*u**3/3 - u**2 + 35. Let q(b) = 6*j(b) + 5*r(b). What is q(3)?
0
Let c be -8*(3 + -2) - 1. Let h be 2/(-6) + 51/c. Let y(f) = -6*f**2 - 31*f + 39. Let s(p) = -4*p**2 - 21*p + 28. Let g(m) = 7*s(m) - 5*y(m). Calculate g(h).
25
Suppose -8*q = -24*q + 208. Let t(c) = q*c**2 - 12*c**2 + 2*c**3 + 2*c**2 + c + 1. Calculate t(-3).
-29
Let n(v) = v**3 + 40*v**2 + 41*v + 86. Let j be n(-39). Suppose -j = -4*l + 12. Let i(b) = -b + 8. Determine i(l).
3
Let i(o) = -o**2 - 8*o + 1. Suppose 11*c - w = 9*c + 9, -5*w = 2*c - 3. Suppose -g + 18 - 20 = v, c*g + 53 = 5*v. Determine i(g).
8
Let m be 1 + 5/((-20)/(-288)). Suppose -4*o + 23 = -5*i, -5*i + m = 2*o + 2*o. Suppose -o*q - 13 = q. Let y(w) = -7*w**2 - 2*w - 1. Determine y(q).
-6
Let u(d) = -5*d + 1. Suppose 2*t - 8 = -3*l, -8*l = -5*t - 6*l + 39. Suppose 3*w = 3*g + t*w - 51, -g = 3*w - 12. Let i be 1/(4 - g/6). Give u(i).
-9
Let d(w) = 118 - 5*w + 378*w**2 - 9*w - 380*w**2 - 7*w. Give d(-15).
-17
Let d(v) = 13*v + 4. Let z(k) = -k**3 + 26*k**2 + 5*k - 749. Let f be z(25). What is d(f)?
17
Let d(b) = -b**3 - 522*b**2 - 506*b**2 + 1529*b**2 + 7 - 8*b - 511*b**2. Suppose 36 = -4*z - 0*z. Calculate d(z).
-2
Suppose -93*g + 60 + 27 = -6. Let y(m) = 13*m - 18. Give y(g).
-5
Let s(l) = 0 - 6*l - 1 + 3*l. Let v = -285 - -283. Let c be 5 + v + -1 - (-22)/(-22). Calculate s(c).
-4
Let p(j) = -j**3 - 5*j**2 - 10*j + 1. Let x(z) = -z**2 - 89*z + 274. Let i be x(-92). Give p(i).
9
Suppose 5*q - 32*q = 108. Let o(l) = -33*l**2 - 4 + 7*l + 0 + 14 + 34*l**2. Give o(q).
-2
Let p be (-9)/36 - (-41)/4. Let q be (p/(-15))/(4/(-36)). Let b(t) = q*t + 3*t - 8*t + 8. Give b(-5).
3
Let i = 51 - 48. Suppose 0 = -b, 20 = g + i*g + 3*b. Let f(l) = 12*l - l**2 + 0*l**2 - 9 - g*l + 2*l. Give f(7).
5
Let m(f) = -3*f**3 - 13*f**2 - 8*f + 17. Let n(s) = 7*s**3 + 28*s**2 + 17*s - 35. Let v(p) = -5*m(p) - 2*n(p). Calculate v(-8).
1
Suppose 6 = 4*l + 26. Let p be (6 + l)/(2/16). Let n be p/(-20)*20/(-4). Let b(d) = 10*d - 1. Determine b(n).
19
Let f = -7729 + 7727. Let y(r) = 38*r**2 + 2*r - 2. Calculate y(f).
146
Let u(l) = -l**2 - 7*l + 9. Let w = -24 - -36. Let s be 0 + (w/14)/(1/7). Suppose -2*f + s = -3*b - 11, 0 = -5*b + 2*f - 31. Determine u(b).
9
Let z(y) = -9*y - 13. Let j be z(-3). Suppose 3*p - 21 = 4*k + 15, p - 2*k = j. Let v(i) = 4*i + p*i + 13*i - 26*i + 1. What is v(4)?
-3
Suppose 3*x + 11 = 2*o + 18, -3*o = 2*x + 17. Let u(b) = 5*b - 7. Give u(o).
-32
Let t(r) = -2*r**3 - 10*r**2 - 6*r - 8. Let g(u) = u**3 + u**2 - u + 2. Let h(m) = -2*g(m) + t(m). Let j be h(-3). Let q(f) = -4 + f**3 + 4 - f. What is q(j)?
0
Let l(c) = -3*c**2 - 25*c - 25. Let d be l(-1). Let f(y) = y**3 + 7*y**2 + y + 4. Let r(b) = b**3 + 7*b**2 + 4. Let m(g) = d*r(g) + 4*f(g). What is m(-4)?
36
Let b be (164/(-12))/(7/(-3)) - 18/21. Let c(a) = 2*a**2 - 10*a - 5. Determine c(b).
-5
Let f(d) be the third derivative of 0 + 1/8*d**4 - 3*d - 5/6*d**3 + 6*d**2. Let k(s) = -2*s + 6. Let x(l) = -3*f(l) - 4*k(l). Calculate x(-6).
-3
Let k(w) = w**3 - 9*w**2 + 7*w - 4. Let y(u) be the first derivative of 2*u**3/3 - 3*u**2 + 8*u - 9. Let o be y(3). Calculate k(o).
-12
Suppose -12895*d + 12886*d = -81. Let z(i) = i**3 - 10*i**2 + 6*i - 3. What is z(d)?
-30
Let q(p) = -p - 2. Let z be 78/(-66) + (-2)/(-11) - 3.